{"id":62,"date":"2017-10-23T12:10:00","date_gmt":"2017-10-23T10:10:00","guid":{"rendered":"http:\/\/nefropatologia.umed.pl\/?page_id=62"},"modified":"2023-05-18T10:14:34","modified_gmt":"2023-05-18T08:14:34","slug":"galeria","status":"publish","type":"page","link":"https:\/\/nefropatologia.umed.pl\/index.php\/galeria\/","title":{"rendered":"Galeria"},"content":{"rendered":"\n<p>Pacjent lat 28 z objawami zespo\u0142u nerczycowego od 2 miesiecy. Ci\u015bnienie 160\/90, nerki wydolne, kreatynina 1,1 mg\/dl.<\/p>\n\n\n\n<p>Przyk\u0142adowe obrazy z immunofluorescencji<\/p>\n\n\n\n<p>Poni\u017cej przedstawione s\u0105 podstawowe typy \u015bwiecenia immunoglobulin w k\u0142\u0119buszkach<\/p>\n","protected":false},"excerpt":{"rendered":"<p>Pacjent lat 28 z objawami zespo\u0142u nerczycowego od 2 miesiecy. Ci\u015bnienie 160\/90, nerki wydolne, kreatynina 1,1 mg\/dl. Przyk\u0142adowe obrazy z [&hellip;]<\/p>\n","protected":false},"author":5,"featured_media":0,"parent":0,"menu_order":0,"comment_status":"closed","ping_status":"closed","template":"","meta":{"footnotes":""},"class_list":["post-62","page","type-page","status-publish","hentry"],"_links":{"self":[{"href":"https:\/\/nefropatologia.umed.pl\/index.php\/wp-json\/wp\/v2\/pages\/62","targetHints":{"allow":["GET"]}}],"collection":[{"href":"https:\/\/nefropatologia.umed.pl\/index.php\/wp-json\/wp\/v2\/pages"}],"about":[{"href":"https:\/\/nefropatologia.umed.pl\/index.php\/wp-json\/wp\/v2\/types\/page"}],"author":[{"embeddable":true,"href":"https:\/\/nefropatologia.umed.pl\/index.php\/wp-json\/wp\/v2\/users\/5"}],"replies":[{"embeddable":true,"href":"https:\/\/nefropatologia.umed.pl\/index.php\/wp-json\/wp\/v2\/comments?post=62"}],"version-history":[{"count":3,"href":"https:\/\/nefropatologia.umed.pl\/index.php\/wp-json\/wp\/v2\/pages\/62\/revisions"}],"predecessor-version":[{"id":137,"href":"https:\/\/nefropatologia.umed.pl\/index.php\/wp-json\/wp\/v2\/pages\/62\/revisions\/137"}],"wp:attachment":[{"href":"https:\/\/nefropatologia.umed.pl\/index.php\/wp-json\/wp\/v2\/media?parent=62"}],"curies":[{"name":"wp","href":"https:\/\/api.w.org\/{rel}","templated":true}]}}